r of 8 and c?
2
Let z be (-1)/(-3 + 56/20). Let t = 14 - 8. Let v = t + -1. What is the greatest common factor of z and v?
5
Let r(c) = 989*c + 1. Let d be r(1). Suppose -4*q = -9*q - 2*l + d, -5*q = -3*l - 990. What is the greatest common divisor of 22 and q?
22
Let s be (-3)/4 - 7/28. Let c = 9 + s. Calculate the greatest common divisor of c and 8.
8
Suppose -96 = 3*q - 6*q. Let u(f) = -2*f. Let l be u(-4). Calculate the greatest common factor of q and l.
8
Let s = 66 + -62. Let n = 0 - -1. Calculate the greatest common factor of n and s.
1
Suppose -27 - 2 = -4*m - 3*t, -5*m + 45 = -5*t. What is the highest common divisor of 8 and m?
8
Let o be 32/(-3)*9/4. Let x be (-174)/o - (-1)/(-4). Calculate the highest common divisor of x and 35.
7
Let j(m) = m**2 + 17*m - 35. Let t be j(-19). What is the greatest common divisor of t and 2?
1
Let w(m) = m + 10. Let q be w(-6). Suppose q*h - 2*i - 721 = i, 5*i = 2*h - 343. Calculate the highest common factor of h and 23.
23
Let z be 7/(-21) + 80/6. Suppose 0 = g - 11 - z. Suppose s + m - 21 = 4*m, 4*m = -s. What is the greatest common factor of g and s?
12
Let r be -2 + 2 - (-9 - 0). Suppose 4*w - 137 + r = 0. Suppose 4*c - 4*d - 18 = -5*d, -4*d = -2*c. Calculate the greatest common divisor of c and w.
4
Let p be 68 + -6 + (-1 - -5). Calculate the highest common factor of p and 6.
6
Let i(f) = 1 - 3*f + 4*f + 0*f. Suppose 0 = 3*u + 2*u - 35. Let s be i(u). Calculate the highest common divisor of 16 and s.
8
Suppose -331 = -4*l - 75. Suppose 6*p - 59 = -11. What is the highest common divisor of p and l?
8
Let w(c) = -c**3 + c**2 - 4*c - 5. Let b be w(-2). Let v be ((-16)/(-6))/(5/225). Calculate the highest common divisor of b and v.
15
Let w be (-17 - 1)/(2 + -3). Let h be (-4 + 94)*2/5. Calculate the greatest common factor of h and w.
18
Suppose -2*w = -0*w - 2. What is the greatest common divisor of 8 and w?
1
Suppose -1 - 2 = -h. Suppose -h*m = -4*o + 2*m + 140, -o = m - 44. Calculate the highest common factor of 5 and o.
5
Suppose -5*x + 51 = -69. What is the highest common divisor of 120 and x?
24
Let l = -24 + 31. Calculate the greatest common divisor of l and 56.
7
Suppose -20 = 13*k - 17*k. What is the greatest common divisor of 45 and k?
5
Let w(n) = n**3 + 8*n**2 + 2*n + 11. Let p be w(-8). Let f = p - -10. Suppose f*q - 24 = q. Calculate the highest common factor of 30 and q.
6
Suppose 0 = -a - a + 190. Suppose 3*i - a + 29 = 0. What is the greatest common divisor of 44 and i?
22
Let q = 18 + -16. What is the highest common factor of 1 and q?
1
Suppose q - 2*q + 4*d + 21 = 0, q + 2*d = 3. What is the highest common divisor of 36 and q?
9
Suppose 3*m - 5*m + 40 = -2*u, -3*m + 4*u + 60 = 0. Let q = 48 - -2. What is the highest common factor of m and q?
10
Suppose -3*i = -3*n + 1044, i + 1752 = 5*n - i. Calculate the greatest common factor of n and 32.
32
Let c = 10 - -10. What is the greatest common divisor of 100 and c?
20
Suppose 2*i - 82 = -3*l + 62, -4*l = -2*i + 172. What is the highest common factor of 39 and i?
39
Let p be (-15)/(-1*(-3)/(-15)). What is the greatest common divisor of 30 and p?
15
Let h be 0 + -2*(-95)/2. Let a = h + -47. Let y = 59 - 27. What is the highest common divisor of a and y?
16
Suppose 0 = 10*u - 11*u + 5. What is the highest common factor of 2 and u?
1
Suppose -6*d + 5*w = -2*d - 41, 35 = 5*d - 3*w. Suppose 0 = -c + d. Calculate the highest common divisor of 8 and c.
4
Let v(p) = -p**3 - 15*p**2 + 18*p + 16. Let j be v(-16). Let q = -13 - j. Calculate the highest common factor of q and 15.
3
Let z(t) = 28*t**2 - 2*t - 8. Let k(f) = 27*f**2 - 2*f - 7. Let v(x) = 5*k(x) - 4*z(x). Let r be v(3). Calculate the greatest common divisor of r and 18.
18
Suppose 4*b - 4 = 4*z, 0 = -z + 3 - 1. Suppose 3*p - 2 = p, 0 = b*v + 3*p - 15. Calculate the highest common divisor of v and 8.
4
Suppose -7*j + 280 = -2*j. What is the greatest common factor of 8 and j?
8
Let u = 117 + -7. Calculate the greatest common divisor of u and 44.
22
Let x(n) = -n**2 - 5*n + 1. Let d be x(-5). Let p be ((d - 1) + -22)*-2. Calculate the greatest common factor of p and 66.
22
Suppose -8*p = 2*p - 80. Calculate the highest common factor of p and 2.
2
Let g be (3 - 0) + (-5)/(-5). Suppose 3*r - 37 + 4 = 0. Suppose 5*c - 19 - r = 0. What is the greatest common divisor of c and g?
2
Let u be ((-6)/5)/((-3)/10). Suppose i - u*i + 96 = 0. Let g = 57 - 9. Calculate the greatest common factor of g and i.
16
Let q be -1*(-1 + -20 + -3). Let a be 1 + 47/((-1)/(-1)). Suppose a = 4*o - o. Calculate the highest common divisor of q and o.
8
Let u(l) = l**2 - 7*l + 11. Let k be 16/((-3)/1 - -5). Let j be u(k). Calculate the highest common divisor of j and 114.
19
Let v be 118*2/4 - (1 - -1). What is the greatest common divisor of 19 and v?
19
Suppose 2 = -6*d + 134. What is the greatest common factor of d and 44?
22
Suppose 0*m + 4*m - 20 = 0. Suppose 2*s - 2*d = -d, s + 5*d = 0. Suppose 3*x + 0 - 15 = s. What is the highest common divisor of x and m?
5
Let t(g) = g**2 + g + 15. Let s be t(0). Calculate the greatest common divisor of 15 and s.
15
Suppose 1 = -n + z, 2*n - 7 = n - z. Let s be (1/(-3))/(n/(-54)). Calculate the greatest common divisor of 60 and s.
6
Let i(a) = a**3 + 8*a**2 - 3*a - 9. Let x be i(-8). Calculate the greatest common factor of 75 and x.
15
Suppose 0 = 14*a - 19*a + 15. Suppose -5*d = -3*s + 100, 4*d = a*s - 117 + 13. What is the greatest common divisor of s and 60?
20
Let y(d) = 2*d - 10. Let s be y(7). Suppose -m + 30 = s*m. What is the greatest common divisor of m and 42?
6
Let c(k) = -k**3 + 5*k**2 + 2*k - 7. Let d be c(5). Suppose d = -f + 9. Let w(s) = -s - 2. Let g be w(-5). What is the greatest common factor of f and g?
3
Let j = -133 - -155. Calculate the highest common divisor of j and 242.
22
Let y = -3 + 19. What is the greatest common divisor of 4 and y?
4
Let v be (100/(-6))/((-1)/3). Let w = v + 30. What is the highest common factor of w and 10?
10
Suppose -2*a - 326 = -4*j, -5*j + 4*a + 148 = -3*j. What is the greatest common factor of 28 and j?
28
Let y = -9 + 26. What is the greatest common factor of 170 and y?
17
Suppose 2*o - 46 = 3*b + 6*o, 0 = -2*b - 3*o - 29. Let t be 4/(-12) - b/3. Calculate the greatest common factor of t and 14.
7
Suppose 2*w = -m - w + 40, -2*m - 4*w = -80. What is the greatest common divisor of 16 and m?
8
Let l be ((-2)/(-4))/(6/96). Let o be 2*(-3)/(5 - 2). Let x be (o/(-4))/((-2)/(-48)). What is the highest common factor of x and l?
4
Suppose -8 = -3*u + 3*z + 7, 25 = 5*u + 3*z. Let b = 237 - -70. Suppose u*m - b = 233. What is the highest common divisor of 12 and m?
12
Let g(c) = 3*c**2 + 2*c - 2. Let i be g(2). Let q(w) = 14*w. Let f be q(7). Calculate the highest common divisor of f and i.
14
Suppose -n - 2*u = -23, 71 = 5*n - 2*u + u. Suppose -4*w + 189 = -27. Suppose z + n = w. Calculate the highest common divisor of z and 26.
13
Let q be -2 - (2 - 6) - (2 - 1). Let h = 19 + -6. Suppose -3*x - h = -r - 0*x, 4*r - 8 = x. What is the highest common divisor of q and r?
1
Let j be 288/(-24)*(-1)/3. Calculate the highest common factor of j and 28.
4
Let c = 4 - 9. Let b = 7 + c. What is the greatest common factor of b and 4?
2
Let b(y) = 1 + 1 - 2*y - 2. Let x be b(-7). Let t(k) = -35*k. Let g be t(-2). Calculate the greatest common divisor of x and g.
14
Let y = 119 - -86. Calculate the greatest common factor of y and 82.
41
Let t(k) = k**2 - 6*k - 13. Let s be t(9). Let c(l) = 2*l - 5. Suppose 0*h = 4*h - 24. Let q be c(h). Calculate the greatest common divisor of s and q.
7
Suppose -f + 0 + 51 = 0. Calculate the greatest common factor of f and 17.
17
Let j = 58 + -38. Calculate the greatest common divisor of j and 50.
10
Let m = 40 - 17. Let z = -18 + 64. What is the highest common factor of z and m?
23
Let q(k) = 2*k - 1. Let c be (-25)/(-10)*4/2. Let h be q(c). Calculate the highest common factor of 9 and h.
9
Let f be (-48)/(-5) + (-33)/55. Let a be (18/(-15))/(1/5). Let b = -3 - a. Calculate the greatest common divisor of b and f.
3
Let m(l) = l**3 + 8*l**2 - 9*l + 3. Let p be m(-9). Suppose 297 + 84 = p*i. Let t = -63 + i. What is the greatest common factor of 16 and t?
16
Suppose -4*j - 2*k + 11 = -5*j, 4*j + 38 = 5*k. Le